q + 44*q + a + 46*q. Calculate h(7).
8
Let m(c) be the third derivative of -c + 0 + 26*c**2 + 1/6*c**4 - 5/6*c**3. Give m(5).
15
Let z(s) be the third derivative of -s**8/5040 - s**7/5040 + 29*s**5/30 - 2*s**2 + 61*s. Let r(q) be the third derivative of z(q). Determine r(-1).
-3
Suppose -21 = -2*y - 5*i, 5*y + i - 41 = -0. Let u be (y/(-6))/((-1)/(-3)). Let w(z) = 953 + 0*z + z**2 + 961 - 2879 + 3*z + 964. Calculate w(u).
3
Let v(a) = -a + 13. Let i be 20/6*(192/(-40) + 6). Suppose -i*g + 47 = r, -13*g + 16 = -11*g - 2*r. Determine v(g).
2
Let o be 2/(2/((-2)/(-2)) - 0). Let z(g) be the third derivative of -1/6*g**3 + 0*g + 1/3*g**4 + 0 + 4*g**2. What is z(o)?
7
Let h(m) = -12*m**2 - 2 - 31*m**3 + 56*m**3 - 10*m - 24*m**3 + 16 + 6*m**2. What is h(8)?
62
Let u(d) = 18*d**3 + 3*d**2 + d - 1. Let w(j) = -21*j**3 - 3*j**2 - j + 1. Let q(o) = 8*u(o) + 7*w(o). Determine q(-1).
4
Let k(b) = -5*b - 3 + 4*b + 10*b. Suppose -94*s + 22 = -76*s - 14. Give k(s).
15
Let p(n) = -8*n**3 - n**2 - n - 1. Let j be (9*(-3)/36)/(6/(-32)). Suppose -j*k = -4*a + 20, -5*k = -0*a + a + 1. Determine p(k).
7
Let n(h) = 312*h + 16218. Let j be n(-52). Let s = 3 + -2. Let g(l) = -5 + l**2 + 8*l + s + 3. Give g(j).
-13
Let v(b) be the second derivative of -b**5/20 + b**4/2 - b**3/3 - 3*b**2/2 + 1769*b. Give v(3).
18
Suppose -11*z = -9*z. Let n(b) = 1. Let q(g) = -2*g - 12. Let m(o) = -4*n(o) - q(o). Determine m(z).
8
Let z(c) = -c**3 - 9*c**2 - 18*c - 24. Let w = 21558 + -21565. Determine z(w).
4
Let l be 6/27 - (-584)/(-36). Let f be 12/l - 124/(-16). Let u(p) = -6 + 4*p - 6*p**2 - 6*p**3 + 0 + f*p**3. Determine u(5).
-11
Let u(z) = -5*z**2 - 7*z + 1. Let t(w) = -8*w**2 - 10*w + 1. Let i(x) = 5*t(x) - 7*u(x). Let c(s) = s**2 + 2*s - 1. Let a(o) = 4*c(o) + i(o). Give a(5).
4
Let f be 12*(-8)/(-14)*(-70)/780*-13. Let i(n) = n**3 - 7*n**2 - 9*n - 16. Give i(f).
-24
Let d(y) be the first derivative of -y**3/3 + 9*y**2/2 - 4*y - 1334. Give d(9).
-4
Let y(q) be the first derivative of 1 - 1/3*q**3 - 7/2*q**2 - 2*q. Let a(b) = -2*b**2 - 10*b - 14. Let x be a(-4). Determine y(x).
4
Let g(q) = 2 + 3*q - 3*q + 2*q + 4*q. Let i(x) = -x. Let t(m) = -2*g(m) - 18*i(m). Let p = 1440 - 1436. Determine t(p).
20
Suppose 10*u = 12*u - 125 + 125. Let j(h) be the third derivative of 1/6*h**4 + u + 26*h**2 - 1/6*h**3 + 0*h. Calculate j(5).
19
Let v(q) = -q**3 - 16*q**2 + 17*q - 10. Let p be v(-17). Let r(z) = 11*z + 101. Let o be r(p). Let t(f) = -f**2 - 13*f. Give t(o).
36
Let t(p) = -3*p - 3*p + 3*p + p + 4. Suppose -3*m + 16 = 2*b, -3*m - b = -2*b - 19. What is t(m)?
-8
Let m(l) = -l**3 + 3*l**2 - 4*l + 4. Let g = -2691 - -2693. What is m(g)?
0
Suppose -6*s = -12*s + 36. Suppose -3*r + q = 6, 0 = 3*r - q + 4*q - s. Let n(f) = -11*f + 1. Calculate n(r).
12
Suppose 3*m - 6 = -0. Let y be -3*(-3)/27*6. Suppose 5*t = -m*p - 11, 2*t + 10 + 0 = y*p. Let u(w) = -w**2 - 2*w + 1. Calculate u(t).
-2
Let t(y) = -y - 6. Let v be t(-6). Suppose v = k + 4*f - 0*f + 15, 0 = -5*k - 3*f + 10. Let q(z) = -4*z + k*z + 2*z**2 + 0*z - 4*z**2. What is q(2)?
-6
Let y(p) be the third derivative of 26 - 1/8*p**4 + 1/6*p**3 + 1/30*p**5 - 2*p**2 + 0*p. Calculate y(3).
10
Let k = 293 + -277. Suppose -4 = -2*l - 3*h, 18 = 5*l - 2*h - 11. Suppose -l*j = -k + 46. Let r(f) = -f**3 - 6*f**2. Determine r(j).
0
Suppose 0 = 15*f - 157953 + 157818. Let l(z) be the first derivative of -z**4/4 + 3*z**3 - 4*z + 1. What is l(f)?
-4
Let i(y) = y + 1. Let m(n) = -5*n - 8. Let s(g) = 4*i(g) + m(g). Let c be (9888/8652)/(4/14). Give s(c).
-8
Let o(w) = 12*w + 9. Let n(g) = -23*g - 16. Let a(p) = 4*n(p) + 7*o(p). Suppose 33*b - 23 = 10*b. Determine a(b).
-9
Suppose -5*g + 81 = -3*z, z + 46*g = 54*g - 84. Let l(s) = s**3 + 12*s**2 + 2*s + 19. What is l(z)?
-5
Let o(y) = y**2 + y - 2. Let p be o(2). Let q = -4629 + 4634. Suppose p*u = 3*h - q, -4*h - u + 4 = -5*u. Let r(s) = -6*s**2 - s - 1. Calculate r(h).
-6
Let y(x) = -x**2 + 4*x + 5. Let p(i) = -35*i**3 + i**2 - 4*i + 2. Let v be p(1). Let g be (-728)/v - 2/9. Suppose -g = -16*o + 12*o. Give y(o).
0
Let d(z) = -z**2 + 6. Let k be (6 - (-380)/(-40))/((-2)/(-4)). Calculate d(k).
-43
Let n = 3 + -1. Let b(q) = 1 + 3 + q**n - 1 + 8*q. Let h = -2422 - -2415. Determine b(h).
-4
Let f = 368 - 333. Let y(s) = -f*s + 67*s - 5 - 31*s. Give y(4).
-1
Let g(x) = -x + 2. Suppose 19*k + 19*k + 3762 = 0. Let s be 94/(-1)*(3/3 + 0). Let d = k - s. What is g(d)?
7
Let i(z) be the second derivative of -1/12*z**4 + 0 - 27*z - 1/2*z**2 - 1/3*z**3. Suppose 20 = -0*r - 4*r. Give i(r).
-16
Let m(h) = h**3 + 20*h**2 - 66*h - 96. Let g(n) = 2*n**3 + 38*n**2 - 123*n - 191. Let x(c) = 5*g(c) - 9*m(c). Give x(-11).
19
Let a(k) be the second derivative of -k**4/3 - 23*k**3/6 - 9*k**2 - 1548*k. Determine a(-4).
10
Let t(a) = -a. Let r(d) be the second derivative of d**4/12 - d**3 + 3*d**2/2 - d + 20. Let j(v) = r(v) - 6*t(v). Give j(3).
12
Let a = 534 - 543. Let s(n) = -n**2 - 6*n - 9. Determine s(a).
-36
Suppose 3*z = -4*k + 22, -5*k + 58027 = 4*z + 57999. Let v(t) = t**2 - 6*t - 5. Let h(n) = 2*n**2 - 13*n - 10. Let b(s) = 6*h(s) - 13*v(s). Give b(k).
-11
Let j(r) = 5*r**2 - 4*r - 3. Let p(k) = 5*k**2 - 5*k - 4. Let l(y) = -4*j(y) + 3*p(y). Suppose -91 = -4*m - 87. Suppose -28*b + 29*b = -m. What is l(b)?
-6
Let o(y) = y**2 - 10*y + 10. Let l be 38/4*(-16 - 12). Let z = l - -276. What is o(z)?
10
Let o(f) be the third derivative of f**5/20 - 11*f**4/24 + 5*f**3/6 + 6*f**2 - 129. Calculate o(7).
75
Suppose -17*s + 66 + 21 = -32. Let n(d) = d**2 - 12*d + 38. Determine n(s).
3
Let z(u) be the third derivative of 0*u**3 - 1/120*u**5 + 0*u + 1/12*u**4 - 11*u**2 + 0 + 1/240*u**6. Let h(d) be the second derivative of z(d). Give h(1).
2
Let u(k) = 63*k**3 + 17 - 13*k**2 + 3*k - 64*k**3 - 27 + 1 - 4*k. Calculate u(-13).
4
Let g(c) be the first derivative of -c**2/2 + 4*c - 196. Calculate g(-2).
6
Let w(x) be the third derivative of 4*x**4/3 - x**3 - 612*x**2 + 4*x. Calculate w(-2).
-70
Let a(w) = w**3 + 2*w**2 + w - 4. Let o = 872 - 874. Determine a(o).
-6
Let p(l) = -l**3 + 5*l**2 - 4*l - 1. Suppose 752*u = 761*u - 351. Suppose -36 = -51*y + u*y. What is p(y)?
5
Let x = -536/35 + 2151/140. Let u(k) be the second derivative of -5/6*k**3 - 7/12*k**4 + 0*k**2 - x*k**5 + 0 + 20*k. Determine u(-6).
-6
Suppose 0 - 2 = -2*w. Let s(l) = l - 18 + 0*l + l - 10 + 22. Let g be s(w). Let p(i) = i**3 + 3*i**2 - 6*i - 3. What is p(g)?
5
Let t be (5 + -3)*(-6)/(-8)*(-16)/(-12). Let c(s) = 3*s + 15. Calculate c(t).
21
Let b(p) be the third derivative of p**4/6 + 2*p**3 - 1515*p**2. What is b(9)?
48
Let n be (10/3 - (-64 + 68))*-15. Let q(y) = y**3 - 9*y**2 - 10*y - 3. Give q(n).
-3
Let l(d) = -5*d**3 - 120 + 4*d**3 + 6*d**2 - 5*d + 247 - 126. Suppose 0 = 7*b - 8*b - 18. Let h = 23 + b. Give l(h).
1
Let h(n) = 20*n**2 + 6*n - 8. Let y be h(2). Let f = y + -84. Let g(t) = f*t**2 + 5 - 1 + 0*t + 8*t - t**2. Give g(9).
-5
Let f(h) be the first derivative of 1/2*h**2 + 2 + 0*h. Let m be (-5*(-4)/20)/((-2)/10). Give f(m).
-5
Let a(s) = 2*s**3 - 24*s**2 - 2*s + 18. Let o(g) = -9*g**2 + 43*g + 22. Let z be o(5). What is a(z)?
-6
Let l be -3 + 2 - (0 + 0). Let r(p) = 24*p + 1. Let q(y) = -123*y - 5. Let g(m) = -3*q(m) - 15*r(m). Calculate g(l).
-9
Let y be 2/6*3 - -5. Let l(z) = 2*z - 21. Let k(h) = -h**2 - 5*h + 8. Let x be k(-5). Let i(n) = -3*n + 31. Let o(b) = x*l(b) + 5*i(b). Give o(y).
-7
Let z be ((-2)/(-1))/((-5)/15). Let x be 20/25 - 60/(-50). Let d(g) = -x*g + 0*g + 0*g - 28 + 23 + g. Calculate d(z).
1
Suppose 7*o - 101 = 4. Let h be 6/o*15/3. Let k(v) = -v**h + v + 8 - 5*v + 4*v - 6*v. Give k(-6).
8
Let t(f) = -f**2 - 4*f + 4. Let v = -28 - -147. Let j = v + -115. Suppose -5 = -z - 2*h, -h = -j*z + 2 + 9. Give t(z).
-17
Suppose -3*p + 791 = -34*p + 822. Let o(n) = -64*n**3 - 4*n**2 + 2*n. Give o(p).
-66
Let l(d) = d**3 - 41*d**2 + d - 40. Let f = 156 - 115. Calculate l(f).
1
Let z(y) = -7*y + 13. Let l(a) = -3*a + 6. Let s(h) = -5*l(h) + 2*z(h). Let i = 305 - 294. Suppose -5*o = v - i, -5*v + o - 4*o - 11 = 0. Calculate s(v).
-8
Let p = 415 + -424. Let n(l) = l**3 + 8*l**2 - 10*l + 10. Determine n(p).
19
Let v(h) be the second derivative of h**3/2 - 2*h**2 + 47*h. Suppose -2*y + 20 = 3*y. Suppose -3*p + 9 = -4*d, -3*d = -2*p - y*